{"id":4090,"date":"2022-06-15T16:46:11","date_gmt":"2022-06-15T21:46:11","guid":{"rendered":"https:\/\/www.oncedejunio.fin.ec\/oncedejunio\/?page_id=4090"},"modified":"2022-11-17T12:14:07","modified_gmt":"2022-11-17T17:14:07","slug":"malware","status":"publish","type":"page","link":"https:\/\/www.oncedejunio.fin.ec\/oncedejunio\/malware\/","title":{"rendered":"Malware"},"content":{"rendered":"<p>[vc_row][vc_column][vc_empty_space][\/vc_column][\/vc_row][vc_row][vc_column][vc_separator color=\u00bbcustom\u00bb border_width=\u00bb3&#8243; el_width=\u00bb50&#8243; css_animation=\u00bbslideInRight\u00bb accent_color=\u00bb#e68306&#8243;][vc_column_text css_animation=\u00bbslideInRight\u00bb]<\/p>\n<h3 style=\"text-align: center;\"><span style=\"color: #005a25;\"><em><strong>\u00bfQu\u00e9 es MALWARE?<\/strong><\/em><\/span><\/h3>\n<p>[\/vc_column_text][vc_separator color=\u00bbcustom\u00bb border_width=\u00bb3&#8243; el_width=\u00bb50&#8243; css_animation=\u00bbslideInLeft\u00bb accent_color=\u00bb#e68306&#8243;][\/vc_column][\/vc_row][vc_row css=\u00bb.vc_custom_1589448415819{margin-top: -20px !important;}\u00bb][vc_column width=\u00bb1\/2&#8243;][vc_column_text css=\u00bb.vc_custom_1657224375633{border-top-width: 3px !important;border-right-width: 3px !important;border-bottom-width: 3px !important;border-left-width: 3px !important;border-left-color: #e29b1f !important;border-left-style: solid !important;border-right-color: #e29b1f !important;border-right-style: solid !important;border-top-color: #e29b1f !important;border-top-style: solid !important;border-bottom-color: #e29b1f !important;border-bottom-style: solid !important;}\u00bb]<\/p>\n<div style=\"width: 640px;\" class=\"wp-video\"><!--[if lt IE 9]><script>document.createElement('video');<\/script><![endif]-->\n<video class=\"wp-video-shortcode\" id=\"video-4090-1\" width=\"640\" height=\"640\" loop=\"1\" autoplay=\"1\" preload=\"metadata\" controls=\"controls\"><source type=\"video\/mp4\" src=\"https:\/\/www.oncedejunio.fin.ec\/oncedejunio\/wp-content\/uploads\/2022\/07\/MALWARE.mp4?_=1\" \/><a href=\"https:\/\/www.oncedejunio.fin.ec\/oncedejunio\/wp-content\/uploads\/2022\/07\/MALWARE.mp4\">https:\/\/www.oncedejunio.fin.ec\/oncedejunio\/wp-content\/uploads\/2022\/07\/MALWARE.mp4<\/a><\/video><\/div>\n<p>[\/vc_column_text][\/vc_column][vc_column width=\u00bb1\/2&#8243;][vc_column_text css_animation=\u00bbnone\u00bb]<\/p>\n<h5 style=\"text-align: justify;\"><span style=\"color: #005a25;\"><span style=\"color: #005a25;\">Fue dise\u00f1ado para causar da\u00f1o a sus dispositivos. Incluye muchos tipos de programas, como spyware, ransomware, caballos troyanos, rootkits y etc. Oscilan entre ser una mera inconveniencia, hasta ser incre\u00edblemente destructivos para los dispositivos, este da\u00f1o se puede manifestar de muchas formas, a menudo implica robo de datos del ordenador del usuario, encriptar esos datos o simplemente eliminarlos con el fin de causar da\u00f1o. El malware tambi\u00e9n tiene la capacidad de cambiar funciones dentro del ordenador o tomar el control sobre \u00e9l por completo.<\/span><\/span><\/h5>\n<h4><span style=\"color: #c39000;\"><em>\u00bfC\u00d3MO FUNCIONA EL MALWARE?<\/em><\/span><\/h4>\n<h5 style=\"text-align: justify;\"><span style=\"color: #005a25;\"><strong>La propagaci\u00f3n de malware depende ampliamente de la intenci\u00f3n del creador. Para muchos virus y gusanos, la expansi\u00f3n se lleva a cabo con la intenci\u00f3n de llegar al mayor n\u00famero de ordenadores posible. Por definici\u00f3n, la infecci\u00f3n se produce cuando los datos se comparten. Esto puede pasar en internet con archivos descargados, archivos adjuntos de emails, enlaces maliciosas o descargas ocultas que se completan sin el conocimiento del usuario.<\/strong><\/span><\/h5>\n<p>[\/vc_column_text][\/vc_column][\/vc_row][vc_row][vc_column][vc_separator color=\u00bbcustom\u00bb border_width=\u00bb3&#8243; css_animation=\u00bbslideInRight\u00bb accent_color=\u00bb#e68306&#8243;][vc_column_text]<\/p>\n<h4><span style=\"color: #e29b1f;\"><em>\u00bfQU\u00c9 TIPOS DE MALWARE EXITEN?<\/em><\/span><\/h4>\n<p>[\/vc_column_text][vc_separator color=\u00bbcustom\u00bb border_width=\u00bb3&#8243; css_animation=\u00bbslideInLeft\u00bb accent_color=\u00bb#e68306&#8243;][\/vc_column][\/vc_row][vc_row][vc_column width=\u00bb1\/3&#8243;][vc_column_text]<\/p>\n<h5 style=\"text-align: justify;\"><span style=\"color: #005a25;\"><span style=\"color: #c39000;\">Ransomware:<\/span><strong> es un software creado con el prop\u00f3sito de secuestrar datos del ordenador del usuario, est\u00e1 dise\u00f1ado para encriptar los datos, entonces los creadores exigen dinero al usuario para desencriptar los datos.<\/strong><\/span><\/h5>\n<p>[\/vc_column_text][\/vc_column][vc_column width=\u00bb1\/3&#8243;][vc_column_text]<\/p>\n<h5 style=\"text-align: justify;\"><span style=\"color: #005a25;\"><span style=\"color: #c39000;\">Virus Inform\u00e1tico:<\/span><strong> Cuando se ejecuta, puede replicarse modificando otros programas e insertando su c\u00f3digo malicioso. Es el \u00fanico tipo de malware que puede infectar otros archivos y es uno de los tipos de malware m\u00e1s dif\u00edciles de eliminar.<\/strong><\/span><\/h5>\n<p>[\/vc_column_text][\/vc_column][vc_column width=\u00bb1\/3&#8243;][vc_column_text]<\/p>\n<h5 style=\"text-align: justify;\"><span style=\"color: #005a25;\"><span style=\"color: #c39000;\">Spyware:<\/span> <strong>El spyware esp\u00eda al usuario final desprevenido, recolectando credenciales y contrase\u00f1as, el historial de navegaci\u00f3n, etc.<\/strong><\/span><\/h5>\n<p>[\/vc_column_text][\/vc_column][\/vc_row][vc_row][vc_column width=\u00bb1\/3&#8243;][vc_column_text]<\/p>\n<h5 style=\"text-align: justify;\"><span class=\"s1\" style=\"color: #c39000;\">Troyano\u00a0<\/span><span style=\"color: #005a25;\"><span style=\"color: #c39000;\">Inform\u00e1tico: <\/span><strong>Se camufla como un programa leg\u00edtimo, lo que lo convierte en uno de los tipos de malware m\u00e1s dif\u00edciles de detectar. Contiene c\u00f3digo e instrucciones maliciosas que, una vez ejecutadas por la v\u00edctima, pueden operar de forma desapercibida. A menudo se utiliza para permitir que otros tipos de malware entren en el sistema.<\/strong><\/span><\/h5>\n<p>[\/vc_column_text][\/vc_column][vc_column width=\u00bb1\/3&#8243;][vc_column_text]<\/p>\n<h5 style=\"text-align: justify;\"><span style=\"color: #005a25;\"><span style=\"color: #c39000;\">Rootkit:<\/span>\u00a0<strong>Es creado para brindar a los cibercriminales permisos del nivel de administrador en el equipo objetivo. Este acceso les permite modificar el sistema del ordenador del usuario.<\/strong><\/span><\/h5>\n<p>[\/vc_column_text][\/vc_column][vc_column width=\u00bb1\/3&#8243;][vc_column_text]<\/p>\n<h5 style=\"text-align: justify;\"><span style=\"color: #005a25;\"><span style=\"color: #c39000;\"><strong>Adware<\/strong>:<\/span><strong> El adware distribuye publicidad no deseada y agresiva (por ejemplo, anuncios emergentes) al usuario final.<\/strong><\/span><\/h5>\n<p>[\/vc_column_text][\/vc_column][\/vc_row][vc_row][vc_column][vc_separator color=\u00bbcustom\u00bb border_width=\u00bb3&#8243; css_animation=\u00bbslideInRight\u00bb accent_color=\u00bb#e68306&#8243;][vc_column_text]<\/p>\n<h4><span style=\"color: #c39000;\"><em>\u00bfC\u00d3MO PROTEGERSE DE MALWARE?<\/em><\/span><\/h4>\n<p>[\/vc_column_text][vc_separator color=\u00bbcustom\u00bb border_width=\u00bb3&#8243; css_animation=\u00bbslideInLeft\u00bb accent_color=\u00bb#e68306&#8243;][vc_column_text]<\/p>\n<ul>\n<li style=\"list-style-type: none;\">\n<ul>\n<li style=\"list-style-type: none;\">\n<ul>\n<li style=\"text-align: justify;\">\n<h5><strong><span style=\"color: #005a25;\">Usar herramientas antivirus para protegerse contra el malware com\u00fan y conocido.<\/span><\/strong><\/h5>\n<\/li>\n<li style=\"text-align: justify;\">\n<h5><strong><span style=\"color: #005a25;\">Utilizar la tecnolog\u00eda de detecci\u00f3n para monitorizar y responder continuamente a los ataques de malware y otras ciberamenazas en los equipos de los usuarios finales.<\/span><\/strong><\/h5>\n<\/li>\n<li style=\"text-align: justify;\">\n<h5><strong><span style=\"color: #005a25;\">Eliminar los derechos de administrador local de las cuentas de usuario est\u00e1ndar para reducir la superficie de ataque.<\/span><\/strong><\/h5>\n<\/li>\n<li style=\"text-align: justify;\">\n<h5><strong><span style=\"color: #005a25;\">Hacer copias de seguridad peri\u00f3dicas y autom\u00e1ticas de los datos, para una recuperaci\u00f3n eficaz en caso de desastre.<\/span><\/strong><\/h5>\n<\/li>\n<\/ul>\n<\/li>\n<\/ul>\n<\/li>\n<\/ul>\n<p>[\/vc_column_text][vc_separator color=\u00bbcustom\u00bb border_width=\u00bb3&#8243; accent_color=\u00bb#e68306&#8243;][\/vc_column][\/vc_row]<\/p>\n","protected":false},"excerpt":{"rendered":"<p>[vc_row][vc_column][vc_empty_space][\/vc_column][\/vc_row][vc_row][vc_column][vc_separator color=\u00bbcustom\u00bb border_width=\u00bb3&#8243; el_width=\u00bb50&#8243; css_animation=\u00bbslideInRight\u00bb accent_color=\u00bb#e68306&#8243;][vc_column_text css_animation=\u00bbslideInRight\u00bb] \u00bfQu\u00e9 es MALWARE? [\/vc_column_text][vc_separator color=\u00bbcustom\u00bb border_width=\u00bb3&#8243; el_width=\u00bb50&#8243; css_animation=\u00bbslideInLeft\u00bb accent_color=\u00bb#e68306&#8243;][\/vc_column][\/vc_row][vc_row css=\u00bb.vc_custom_1589448415819{margin-top: -20px !important;}\u00bb][vc_column width=\u00bb1\/2&#8243;][vc_column_text css=\u00bb.vc_custom_1657224375633{border-top-width: 3px !important;border-right-width: 3px !important;border-bottom-width: 3px !important;border-left-width: 3px !important;border-left-color: #e29b1f !important;border-left-style: solid !important;border-right-color: #e29b1f !important;border-right-style: solid !important;border-top-color: #e29b1f !important;border-top-style: solid !important;border-bottom-color: #e29b1f !important;border-bottom-style: solid !important;}\u00bb] [\/vc_column_text][\/vc_column][vc_column width=\u00bb1\/2&#8243;][vc_column_text css_animation=\u00bbnone\u00bb] Fue dise\u00f1ado para causar da\u00f1o a sus [&hellip;]<\/p>\n","protected":false},"author":1,"featured_media":0,"parent":0,"menu_order":0,"comment_status":"closed","ping_status":"closed","template":"","meta":{"content-type":"","_monsterinsights_skip_tracking":false,"_monsterinsights_sitenote_active":false,"_monsterinsights_sitenote_note":"","_monsterinsights_sitenote_category":0,"footnotes":""},"class_list":["post-4090","page","type-page","status-publish","hentry"],"yoast_head":"<!-- This site is optimized with the Yoast SEO plugin v24.5 - https:\/\/yoast.com\/wordpress\/plugins\/seo\/ -->\n<title>Malware - Once de Junio Cooperativa<\/title>\n<meta name=\"robots\" content=\"index, follow, max-snippet:-1, max-image-preview:large, max-video-preview:-1\" \/>\n<link rel=\"canonical\" href=\"https:\/\/www.oncedejunio.fin.ec\/oncedejunio\/malware\/\" \/>\n<meta property=\"og:locale\" content=\"es_ES\" \/>\n<meta property=\"og:type\" content=\"article\" \/>\n<meta property=\"og:title\" content=\"Malware - Once de Junio Cooperativa\" \/>\n<meta property=\"og:description\" content=\"[vc_row][vc_column][vc_empty_space][\/vc_column][\/vc_row][vc_row][vc_column][vc_separator color=\u00bbcustom\u00bb border_width=\u00bb3&#8243; el_width=\u00bb50&#8243; css_animation=\u00bbslideInRight\u00bb accent_color=\u00bb#e68306&#8243;][vc_column_text css_animation=\u00bbslideInRight\u00bb] \u00bfQu\u00e9 es MALWARE? [\/vc_column_text][vc_separator color=\u00bbcustom\u00bb border_width=\u00bb3&#8243; el_width=\u00bb50&#8243; css_animation=\u00bbslideInLeft\u00bb accent_color=\u00bb#e68306&#8243;][\/vc_column][\/vc_row][vc_row css=\u00bb.vc_custom_1589448415819{margin-top: -20px !important;}\u00bb][vc_column width=\u00bb1\/2&#8243;][vc_column_text css=\u00bb.vc_custom_1657224375633{border-top-width: 3px !important;border-right-width: 3px !important;border-bottom-width: 3px !important;border-left-width: 3px !important;border-left-color: #e29b1f !important;border-left-style: solid !important;border-right-color: #e29b1f !important;border-right-style: solid !important;border-top-color: #e29b1f !important;border-top-style: solid !important;border-bottom-color: #e29b1f !important;border-bottom-style: solid !important;}\u00bb] [\/vc_column_text][\/vc_column][vc_column width=\u00bb1\/2&#8243;][vc_column_text css_animation=\u00bbnone\u00bb] Fue dise\u00f1ado para causar da\u00f1o a sus [&hellip;]\" \/>\n<meta property=\"og:url\" content=\"https:\/\/www.oncedejunio.fin.ec\/oncedejunio\/malware\/\" \/>\n<meta property=\"og:site_name\" content=\"Once de Junio Cooperativa\" \/>\n<meta property=\"article:modified_time\" content=\"2022-11-17T17:14:07+00:00\" \/>\n<meta name=\"twitter:card\" content=\"summary_large_image\" \/>\n<meta name=\"twitter:label1\" content=\"Tiempo de lectura\" \/>\n\t<meta name=\"twitter:data1\" content=\"4 minutos\" \/>\n<script type=\"application\/ld+json\" class=\"yoast-schema-graph\">{\"@context\":\"https:\/\/schema.org\",\"@graph\":[{\"@type\":\"WebPage\",\"@id\":\"https:\/\/www.oncedejunio.fin.ec\/oncedejunio\/malware\/\",\"url\":\"https:\/\/www.oncedejunio.fin.ec\/oncedejunio\/malware\/\",\"name\":\"Malware - Once de Junio Cooperativa\",\"isPartOf\":{\"@id\":\"https:\/\/www.oncedejunio.fin.ec\/oncedejunio\/#website\"},\"datePublished\":\"2022-06-15T21:46:11+00:00\",\"dateModified\":\"2022-11-17T17:14:07+00:00\",\"breadcrumb\":{\"@id\":\"https:\/\/www.oncedejunio.fin.ec\/oncedejunio\/malware\/#breadcrumb\"},\"inLanguage\":\"es\",\"potentialAction\":[{\"@type\":\"ReadAction\",\"target\":[\"https:\/\/www.oncedejunio.fin.ec\/oncedejunio\/malware\/\"]}]},{\"@type\":\"BreadcrumbList\",\"@id\":\"https:\/\/www.oncedejunio.fin.ec\/oncedejunio\/malware\/#breadcrumb\",\"itemListElement\":[{\"@type\":\"ListItem\",\"position\":1,\"name\":\"Home\",\"item\":\"https:\/\/www.oncedejunio.fin.ec\/oncedejunio\/\"},{\"@type\":\"ListItem\",\"position\":2,\"name\":\"Malware\"}]},{\"@type\":\"WebSite\",\"@id\":\"https:\/\/www.oncedejunio.fin.ec\/oncedejunio\/#website\",\"url\":\"https:\/\/www.oncedejunio.fin.ec\/oncedejunio\/\",\"name\":\"Cooperativa de Ahorro y Cr\u00e9dito Once de Junio\",\"description\":\"Once de Junio Cooperativa\",\"potentialAction\":[{\"@type\":\"SearchAction\",\"target\":{\"@type\":\"EntryPoint\",\"urlTemplate\":\"https:\/\/www.oncedejunio.fin.ec\/oncedejunio\/?s={search_term_string}\"},\"query-input\":{\"@type\":\"PropertyValueSpecification\",\"valueRequired\":true,\"valueName\":\"search_term_string\"}}],\"inLanguage\":\"es\"}]}<\/script>\n<!-- \/ Yoast SEO plugin. -->","yoast_head_json":{"title":"Malware - Once de Junio Cooperativa","robots":{"index":"index","follow":"follow","max-snippet":"max-snippet:-1","max-image-preview":"max-image-preview:large","max-video-preview":"max-video-preview:-1"},"canonical":"https:\/\/www.oncedejunio.fin.ec\/oncedejunio\/malware\/","og_locale":"es_ES","og_type":"article","og_title":"Malware - Once de Junio Cooperativa","og_description":"[vc_row][vc_column][vc_empty_space][\/vc_column][\/vc_row][vc_row][vc_column][vc_separator color=\u00bbcustom\u00bb border_width=\u00bb3&#8243; el_width=\u00bb50&#8243; css_animation=\u00bbslideInRight\u00bb accent_color=\u00bb#e68306&#8243;][vc_column_text css_animation=\u00bbslideInRight\u00bb] \u00bfQu\u00e9 es MALWARE? [\/vc_column_text][vc_separator color=\u00bbcustom\u00bb border_width=\u00bb3&#8243; el_width=\u00bb50&#8243; css_animation=\u00bbslideInLeft\u00bb accent_color=\u00bb#e68306&#8243;][\/vc_column][\/vc_row][vc_row css=\u00bb.vc_custom_1589448415819{margin-top: -20px !important;}\u00bb][vc_column width=\u00bb1\/2&#8243;][vc_column_text css=\u00bb.vc_custom_1657224375633{border-top-width: 3px !important;border-right-width: 3px !important;border-bottom-width: 3px !important;border-left-width: 3px !important;border-left-color: #e29b1f !important;border-left-style: solid !important;border-right-color: #e29b1f !important;border-right-style: solid !important;border-top-color: #e29b1f !important;border-top-style: solid !important;border-bottom-color: #e29b1f !important;border-bottom-style: solid !important;}\u00bb] [\/vc_column_text][\/vc_column][vc_column width=\u00bb1\/2&#8243;][vc_column_text css_animation=\u00bbnone\u00bb] Fue dise\u00f1ado para causar da\u00f1o a sus [&hellip;]","og_url":"https:\/\/www.oncedejunio.fin.ec\/oncedejunio\/malware\/","og_site_name":"Once de Junio Cooperativa","article_modified_time":"2022-11-17T17:14:07+00:00","twitter_card":"summary_large_image","twitter_misc":{"Tiempo de lectura":"4 minutos"},"schema":{"@context":"https:\/\/schema.org","@graph":[{"@type":"WebPage","@id":"https:\/\/www.oncedejunio.fin.ec\/oncedejunio\/malware\/","url":"https:\/\/www.oncedejunio.fin.ec\/oncedejunio\/malware\/","name":"Malware - Once de Junio Cooperativa","isPartOf":{"@id":"https:\/\/www.oncedejunio.fin.ec\/oncedejunio\/#website"},"datePublished":"2022-06-15T21:46:11+00:00","dateModified":"2022-11-17T17:14:07+00:00","breadcrumb":{"@id":"https:\/\/www.oncedejunio.fin.ec\/oncedejunio\/malware\/#breadcrumb"},"inLanguage":"es","potentialAction":[{"@type":"ReadAction","target":["https:\/\/www.oncedejunio.fin.ec\/oncedejunio\/malware\/"]}]},{"@type":"BreadcrumbList","@id":"https:\/\/www.oncedejunio.fin.ec\/oncedejunio\/malware\/#breadcrumb","itemListElement":[{"@type":"ListItem","position":1,"name":"Home","item":"https:\/\/www.oncedejunio.fin.ec\/oncedejunio\/"},{"@type":"ListItem","position":2,"name":"Malware"}]},{"@type":"WebSite","@id":"https:\/\/www.oncedejunio.fin.ec\/oncedejunio\/#website","url":"https:\/\/www.oncedejunio.fin.ec\/oncedejunio\/","name":"Cooperativa de Ahorro y Cr\u00e9dito Once de Junio","description":"Once de Junio Cooperativa","potentialAction":[{"@type":"SearchAction","target":{"@type":"EntryPoint","urlTemplate":"https:\/\/www.oncedejunio.fin.ec\/oncedejunio\/?s={search_term_string}"},"query-input":{"@type":"PropertyValueSpecification","valueRequired":true,"valueName":"search_term_string"}}],"inLanguage":"es"}]}},"_links":{"self":[{"href":"https:\/\/www.oncedejunio.fin.ec\/oncedejunio\/wp-json\/wp\/v2\/pages\/4090"}],"collection":[{"href":"https:\/\/www.oncedejunio.fin.ec\/oncedejunio\/wp-json\/wp\/v2\/pages"}],"about":[{"href":"https:\/\/www.oncedejunio.fin.ec\/oncedejunio\/wp-json\/wp\/v2\/types\/page"}],"author":[{"embeddable":true,"href":"https:\/\/www.oncedejunio.fin.ec\/oncedejunio\/wp-json\/wp\/v2\/users\/1"}],"replies":[{"embeddable":true,"href":"https:\/\/www.oncedejunio.fin.ec\/oncedejunio\/wp-json\/wp\/v2\/comments?post=4090"}],"version-history":[{"count":0,"href":"https:\/\/www.oncedejunio.fin.ec\/oncedejunio\/wp-json\/wp\/v2\/pages\/4090\/revisions"}],"wp:attachment":[{"href":"https:\/\/www.oncedejunio.fin.ec\/oncedejunio\/wp-json\/wp\/v2\/media?parent=4090"}],"curies":[{"name":"wp","href":"https:\/\/api.w.org\/{rel}","templated":true}]}}