{"id":3808,"date":"2022-06-15T16:46:59","date_gmt":"2022-06-15T21:46:59","guid":{"rendered":"https:\/\/www.oncedejunio.fin.ec\/oncedejunio\/?page_id=3808"},"modified":"2022-11-17T12:26:19","modified_gmt":"2022-11-17T17:26:19","slug":"smishing","status":"publish","type":"page","link":"https:\/\/www.oncedejunio.fin.ec\/oncedejunio\/smishing\/","title":{"rendered":"Smishing"},"content":{"rendered":"<p>[vc_row][vc_column][vc_empty_space][\/vc_column][\/vc_row][vc_row][vc_column][vc_separator color=\u00bbcustom\u00bb border_width=\u00bb3&#8243; el_width=\u00bb50&#8243; css_animation=\u00bbslideInRight\u00bb accent_color=\u00bb#e68306&#8243;][vc_column_text css_animation=\u00bbslideInRight\u00bb]<\/p>\n<h3 style=\"text-align: center;\"><span style=\"color: #005a25;\"><em><strong>\u00bfQu\u00e9 es SMISHING?<\/strong><\/em><\/span><\/h3>\n<p>[\/vc_column_text][vc_separator color=\u00bbcustom\u00bb border_width=\u00bb3&#8243; el_width=\u00bb50&#8243; css_animation=\u00bbslideInLeft\u00bb accent_color=\u00bb#e68306&#8243;][\/vc_column][\/vc_row][vc_row][vc_column width=\u00bb1\/2&#8243;][vc_empty_space][vc_column_text css=\u00bb.vc_custom_1657224113255{border-top-width: 3px !important;border-right-width: 3px !important;border-bottom-width: 3px !important;border-left-width: 3px !important;border-left-color: #e29b1f !important;border-left-style: solid !important;border-right-color: #e29b1f !important;border-right-style: solid !important;border-top-color: #e29b1f !important;border-top-style: solid !important;border-bottom-color: #e29b1f !important;border-bottom-style: solid !important;border-radius: 3px !important;}\u00bb]<\/p>\n<div style=\"width: 640px;\" class=\"wp-video\"><!--[if lt IE 9]><script>document.createElement('video');<\/script><![endif]-->\n<video class=\"wp-video-shortcode\" id=\"video-3808-1\" width=\"640\" height=\"640\" loop=\"1\" autoplay=\"1\" preload=\"metadata\" controls=\"controls\"><source type=\"video\/mp4\" src=\"https:\/\/www.oncedejunio.fin.ec\/oncedejunio\/wp-content\/uploads\/2022\/07\/SMISHING.mp4?_=1\" \/><a href=\"https:\/\/www.oncedejunio.fin.ec\/oncedejunio\/wp-content\/uploads\/2022\/07\/SMISHING.mp4\">https:\/\/www.oncedejunio.fin.ec\/oncedejunio\/wp-content\/uploads\/2022\/07\/SMISHING.mp4<\/a><\/video><\/div>\n<p>[\/vc_column_text][\/vc_column][vc_column width=\u00bb1\/2&#8243;][vc_column_text]<\/p>\n<h5 style=\"text-align: justify;\"><span style=\"color: #005a25;\"><strong>El<\/strong> SMISHING<strong> o fraude por mensaje de texto, es un variante del<\/strong> PHISHING<strong> en la que un atacante usa un atractivo mensaje de SMS para convencer al destinatario de que haga clic en un enlace, que le env\u00eda al atacante informaci\u00f3n privada o descarga programas malintencionados a un tel\u00e9fono m\u00f3vil o smartphone.<\/strong><\/span><\/h5>\n<h5 style=\"text-align: justify;\"><span style=\"color: #005a25;\"><strong>Los usuarios son mucho m\u00e1s confiados con los mensajes de texto, as\u00ed que el<\/strong> SMISHING<strong> suele resultar lucrativo para atacantes que buscan obtener credenciales, informaci\u00f3n bancaria y datos privados.<\/strong><\/span><\/h5>\n<h4><span style=\"color: #c39000;\"><em>\u00bfC\u00d3MO FUNCIONA EL SMISHING?<\/em><\/span><\/h4>\n<h5 style=\"text-align: justify;\"><span style=\"color: #005a25;\"><strong>La mayor\u00eda de los ataques de <\/strong>SMISHING <strong>funcionan igual que el <\/strong>PHISHING TELEF\u00d3NICO <strong>(<\/strong>VISHING<strong>). El atacante env\u00eda un mensaje con la intenci\u00f3n de convencer al usuario de que haga clic en un enlace o le pide que responda envi\u00e1ndole parte de sus datos privados.<\/strong><\/span><\/h5>\n<h5 style=\"text-align: justify;\"><span style=\"color: #005a25;\"><strong>La informaci\u00f3n que un atacante desea obtener podr\u00eda ser cualquier cosa, incluyendo:<\/strong><\/span><\/h5>\n<ul>\n<li style=\"list-style-type: none;\">\n<ul>\n<li style=\"text-align: justify;\">\n<h5><span style=\"color: #005a25;\"><strong>Credenciales de cuentas en l\u00ednea<\/strong><\/span><\/h5>\n<\/li>\n<li style=\"text-align: justify;\">\n<h5><span style=\"color: #005a25;\"><strong>Informaci\u00f3n privada que podr\u00eda ser usada en un robo de identidad<\/strong><\/span><\/h5>\n<\/li>\n<li>\n<h5 style=\"text-align: justify;\"><span style=\"color: #005a25;\"><strong>Datos financieros que podr\u00edan venderse en los mercados de la \u201cred oscura\u201d, o para fraudes en l\u00ednea<\/strong><\/span><\/h5>\n<\/li>\n<\/ul>\n<\/li>\n<\/ul>\n<p>[\/vc_column_text][\/vc_column][\/vc_row][vc_row][vc_column][vc_separator color=\u00bbcustom\u00bb border_width=\u00bb3&#8243; css_animation=\u00bbslideInRight\u00bb accent_color=\u00bb#e68306&#8243;][vc_column_text]<\/p>\n<h4><span style=\"color: #c39000;\"><em>\u00bfC\u00d3MO PROTEGERSE DE LOS ATAQUES DE SMISHING?<\/em><\/span><\/h4>\n<p>[\/vc_column_text][vc_separator color=\u00bbcustom\u00bb border_width=\u00bb3&#8243; css_animation=\u00bbslideInLeft\u00bb accent_color=\u00bb#e68306&#8243;][vc_column_text]<\/p>\n<h5 style=\"text-align: justify;\"><span style=\"color: #005a25;\"><strong>La protecci\u00f3n contra el <\/strong>SMISHING <strong>depende de la capacidad que tenga el usuario de identificar un ataque de <\/strong>SMISHING <strong>e ignorar o informar acerca del mensaje.\u00a0<\/strong><\/span><\/h5>\n<h5 style=\"text-align: justify;\"><span style=\"color: #005a25;\"><strong>Los mensajes de <\/strong>SMISHING <strong>son peligrosos solamente si el usuario objetivo emprende una acci\u00f3n, como hacer clic en el enlace o enviar datos privados al atacante.<\/strong><\/span><\/h5>\n<h5 style=\"text-align: justify;\"><span style=\"color: #005a25;\"><strong>Aqu\u00ed le indicamos c\u00f3mo detectar y evitar <\/strong>SMISHING<strong>, para no convertirse en v\u00edctima del fraude:<\/strong><\/span><\/h5>\n<ul>\n<li style=\"list-style-type: none;\">\n<ul>\n<li style=\"text-align: justify;\">\n<h5><span style=\"color: #005a25;\"><strong>El mensaje promete dinero r\u00e1pido, ya sea mediante un supuesto premio que se ha ganado o recibiendo dinero despu\u00e9s de introducir informaci\u00f3n. Las ofertas de c\u00f3digos de descuentos tambi\u00e9n se usan con frecuencia.<\/strong><\/span><\/h5>\n<\/li>\n<li style=\"text-align: justify;\">\n<h5><span style=\"color: #005a25;\"><strong>Las instituciones financieras jam\u00e1s le enviar\u00e1n un mensaje de texto pidi\u00e9ndole sus credenciales o que les transfiera dinero. Jam\u00e1s env\u00ede sus n\u00fameros de tarjetas de cr\u00e9dito, n\u00fameros PIN de cajeros autom\u00e1ticos o informaci\u00f3n bancaria a nadie por mensaje de texto<\/strong><\/span><\/h5>\n<\/li>\n<li style=\"text-align: justify;\">\n<h5><span style=\"color: #005a25;\"><strong>Evite responder a un n\u00famero telef\u00f3nico que no reconozca.<\/strong><\/span><\/h5>\n<\/li>\n<li>\n<h5 style=\"text-align: justify;\"><span style=\"color: #005a25;\"><strong>La informaci\u00f3n bancaria almacenada en el smartphone es un objetivo valioso para atacantes. Evite almacenar esta informaci\u00f3n en dispositivos m\u00f3viles.<\/strong><\/span><\/h5>\n<\/li>\n<\/ul>\n<\/li>\n<\/ul>\n<p>[\/vc_column_text][vc_separator color=\u00bbcustom\u00bb border_width=\u00bb3&#8243; accent_color=\u00bb#e68306&#8243;][\/vc_column][\/vc_row]<\/p>\n","protected":false},"excerpt":{"rendered":"<p>[vc_row][vc_column][vc_empty_space][\/vc_column][\/vc_row][vc_row][vc_column][vc_separator color=\u00bbcustom\u00bb border_width=\u00bb3&#8243; el_width=\u00bb50&#8243; css_animation=\u00bbslideInRight\u00bb accent_color=\u00bb#e68306&#8243;][vc_column_text css_animation=\u00bbslideInRight\u00bb] \u00bfQu\u00e9 es SMISHING? [\/vc_column_text][vc_separator color=\u00bbcustom\u00bb border_width=\u00bb3&#8243; el_width=\u00bb50&#8243; css_animation=\u00bbslideInLeft\u00bb accent_color=\u00bb#e68306&#8243;][\/vc_column][\/vc_row][vc_row][vc_column width=\u00bb1\/2&#8243;][vc_empty_space][vc_column_text css=\u00bb.vc_custom_1657224113255{border-top-width: 3px !important;border-right-width: 3px !important;border-bottom-width: 3px !important;border-left-width: 3px !important;border-left-color: #e29b1f !important;border-left-style: solid !important;border-right-color: #e29b1f !important;border-right-style: solid !important;border-top-color: #e29b1f !important;border-top-style: solid !important;border-bottom-color: #e29b1f !important;border-bottom-style: solid !important;border-radius: 3px !important;}\u00bb] [\/vc_column_text][\/vc_column][vc_column width=\u00bb1\/2&#8243;][vc_column_text] El SMISHING o fraude por mensaje de texto, es [&hellip;]<\/p>\n","protected":false},"author":1,"featured_media":0,"parent":0,"menu_order":0,"comment_status":"closed","ping_status":"closed","template":"","meta":{"content-type":"","_monsterinsights_skip_tracking":false,"_monsterinsights_sitenote_active":false,"_monsterinsights_sitenote_note":"","_monsterinsights_sitenote_category":0,"footnotes":""},"class_list":["post-3808","page","type-page","status-publish","hentry"],"yoast_head":"<!-- This site is optimized with the Yoast SEO plugin v24.5 - https:\/\/yoast.com\/wordpress\/plugins\/seo\/ -->\n<title>Smishing - Once de Junio Cooperativa<\/title>\n<meta name=\"robots\" content=\"index, follow, max-snippet:-1, max-image-preview:large, max-video-preview:-1\" \/>\n<link rel=\"canonical\" href=\"https:\/\/www.oncedejunio.fin.ec\/oncedejunio\/smishing\/\" \/>\n<meta property=\"og:locale\" content=\"es_ES\" \/>\n<meta property=\"og:type\" content=\"article\" \/>\n<meta property=\"og:title\" content=\"Smishing - Once de Junio Cooperativa\" \/>\n<meta property=\"og:description\" content=\"[vc_row][vc_column][vc_empty_space][\/vc_column][\/vc_row][vc_row][vc_column][vc_separator color=\u00bbcustom\u00bb border_width=\u00bb3&#8243; el_width=\u00bb50&#8243; css_animation=\u00bbslideInRight\u00bb accent_color=\u00bb#e68306&#8243;][vc_column_text css_animation=\u00bbslideInRight\u00bb] \u00bfQu\u00e9 es SMISHING? [\/vc_column_text][vc_separator color=\u00bbcustom\u00bb border_width=\u00bb3&#8243; el_width=\u00bb50&#8243; css_animation=\u00bbslideInLeft\u00bb accent_color=\u00bb#e68306&#8243;][\/vc_column][\/vc_row][vc_row][vc_column width=\u00bb1\/2&#8243;][vc_empty_space][vc_column_text css=\u00bb.vc_custom_1657224113255{border-top-width: 3px !important;border-right-width: 3px !important;border-bottom-width: 3px !important;border-left-width: 3px !important;border-left-color: #e29b1f !important;border-left-style: solid !important;border-right-color: #e29b1f !important;border-right-style: solid !important;border-top-color: #e29b1f !important;border-top-style: solid !important;border-bottom-color: #e29b1f !important;border-bottom-style: solid !important;border-radius: 3px !important;}\u00bb] [\/vc_column_text][\/vc_column][vc_column width=\u00bb1\/2&#8243;][vc_column_text] El SMISHING o fraude por mensaje de texto, es [&hellip;]\" \/>\n<meta property=\"og:url\" content=\"https:\/\/www.oncedejunio.fin.ec\/oncedejunio\/smishing\/\" \/>\n<meta property=\"og:site_name\" content=\"Once de Junio Cooperativa\" \/>\n<meta property=\"article:modified_time\" content=\"2022-11-17T17:26:19+00:00\" \/>\n<meta name=\"twitter:card\" content=\"summary_large_image\" \/>\n<meta name=\"twitter:label1\" content=\"Tiempo de lectura\" \/>\n\t<meta name=\"twitter:data1\" content=\"3 minutos\" \/>\n<script type=\"application\/ld+json\" class=\"yoast-schema-graph\">{\"@context\":\"https:\/\/schema.org\",\"@graph\":[{\"@type\":\"WebPage\",\"@id\":\"https:\/\/www.oncedejunio.fin.ec\/oncedejunio\/smishing\/\",\"url\":\"https:\/\/www.oncedejunio.fin.ec\/oncedejunio\/smishing\/\",\"name\":\"Smishing - Once de Junio Cooperativa\",\"isPartOf\":{\"@id\":\"https:\/\/www.oncedejunio.fin.ec\/oncedejunio\/#website\"},\"datePublished\":\"2022-06-15T21:46:59+00:00\",\"dateModified\":\"2022-11-17T17:26:19+00:00\",\"breadcrumb\":{\"@id\":\"https:\/\/www.oncedejunio.fin.ec\/oncedejunio\/smishing\/#breadcrumb\"},\"inLanguage\":\"es\",\"potentialAction\":[{\"@type\":\"ReadAction\",\"target\":[\"https:\/\/www.oncedejunio.fin.ec\/oncedejunio\/smishing\/\"]}]},{\"@type\":\"BreadcrumbList\",\"@id\":\"https:\/\/www.oncedejunio.fin.ec\/oncedejunio\/smishing\/#breadcrumb\",\"itemListElement\":[{\"@type\":\"ListItem\",\"position\":1,\"name\":\"Home\",\"item\":\"https:\/\/www.oncedejunio.fin.ec\/oncedejunio\/\"},{\"@type\":\"ListItem\",\"position\":2,\"name\":\"Smishing\"}]},{\"@type\":\"WebSite\",\"@id\":\"https:\/\/www.oncedejunio.fin.ec\/oncedejunio\/#website\",\"url\":\"https:\/\/www.oncedejunio.fin.ec\/oncedejunio\/\",\"name\":\"Cooperativa de Ahorro y Cr\u00e9dito Once de Junio\",\"description\":\"Once de Junio Cooperativa\",\"potentialAction\":[{\"@type\":\"SearchAction\",\"target\":{\"@type\":\"EntryPoint\",\"urlTemplate\":\"https:\/\/www.oncedejunio.fin.ec\/oncedejunio\/?s={search_term_string}\"},\"query-input\":{\"@type\":\"PropertyValueSpecification\",\"valueRequired\":true,\"valueName\":\"search_term_string\"}}],\"inLanguage\":\"es\"}]}<\/script>\n<!-- \/ Yoast SEO plugin. -->","yoast_head_json":{"title":"Smishing - Once de Junio Cooperativa","robots":{"index":"index","follow":"follow","max-snippet":"max-snippet:-1","max-image-preview":"max-image-preview:large","max-video-preview":"max-video-preview:-1"},"canonical":"https:\/\/www.oncedejunio.fin.ec\/oncedejunio\/smishing\/","og_locale":"es_ES","og_type":"article","og_title":"Smishing - Once de Junio Cooperativa","og_description":"[vc_row][vc_column][vc_empty_space][\/vc_column][\/vc_row][vc_row][vc_column][vc_separator color=\u00bbcustom\u00bb border_width=\u00bb3&#8243; el_width=\u00bb50&#8243; css_animation=\u00bbslideInRight\u00bb accent_color=\u00bb#e68306&#8243;][vc_column_text css_animation=\u00bbslideInRight\u00bb] \u00bfQu\u00e9 es SMISHING? [\/vc_column_text][vc_separator color=\u00bbcustom\u00bb border_width=\u00bb3&#8243; el_width=\u00bb50&#8243; css_animation=\u00bbslideInLeft\u00bb accent_color=\u00bb#e68306&#8243;][\/vc_column][\/vc_row][vc_row][vc_column width=\u00bb1\/2&#8243;][vc_empty_space][vc_column_text css=\u00bb.vc_custom_1657224113255{border-top-width: 3px !important;border-right-width: 3px !important;border-bottom-width: 3px !important;border-left-width: 3px !important;border-left-color: #e29b1f !important;border-left-style: solid !important;border-right-color: #e29b1f !important;border-right-style: solid !important;border-top-color: #e29b1f !important;border-top-style: solid !important;border-bottom-color: #e29b1f !important;border-bottom-style: solid !important;border-radius: 3px !important;}\u00bb] [\/vc_column_text][\/vc_column][vc_column width=\u00bb1\/2&#8243;][vc_column_text] El SMISHING o fraude por mensaje de texto, es [&hellip;]","og_url":"https:\/\/www.oncedejunio.fin.ec\/oncedejunio\/smishing\/","og_site_name":"Once de Junio Cooperativa","article_modified_time":"2022-11-17T17:26:19+00:00","twitter_card":"summary_large_image","twitter_misc":{"Tiempo de lectura":"3 minutos"},"schema":{"@context":"https:\/\/schema.org","@graph":[{"@type":"WebPage","@id":"https:\/\/www.oncedejunio.fin.ec\/oncedejunio\/smishing\/","url":"https:\/\/www.oncedejunio.fin.ec\/oncedejunio\/smishing\/","name":"Smishing - Once de Junio Cooperativa","isPartOf":{"@id":"https:\/\/www.oncedejunio.fin.ec\/oncedejunio\/#website"},"datePublished":"2022-06-15T21:46:59+00:00","dateModified":"2022-11-17T17:26:19+00:00","breadcrumb":{"@id":"https:\/\/www.oncedejunio.fin.ec\/oncedejunio\/smishing\/#breadcrumb"},"inLanguage":"es","potentialAction":[{"@type":"ReadAction","target":["https:\/\/www.oncedejunio.fin.ec\/oncedejunio\/smishing\/"]}]},{"@type":"BreadcrumbList","@id":"https:\/\/www.oncedejunio.fin.ec\/oncedejunio\/smishing\/#breadcrumb","itemListElement":[{"@type":"ListItem","position":1,"name":"Home","item":"https:\/\/www.oncedejunio.fin.ec\/oncedejunio\/"},{"@type":"ListItem","position":2,"name":"Smishing"}]},{"@type":"WebSite","@id":"https:\/\/www.oncedejunio.fin.ec\/oncedejunio\/#website","url":"https:\/\/www.oncedejunio.fin.ec\/oncedejunio\/","name":"Cooperativa de Ahorro y Cr\u00e9dito Once de Junio","description":"Once de Junio Cooperativa","potentialAction":[{"@type":"SearchAction","target":{"@type":"EntryPoint","urlTemplate":"https:\/\/www.oncedejunio.fin.ec\/oncedejunio\/?s={search_term_string}"},"query-input":{"@type":"PropertyValueSpecification","valueRequired":true,"valueName":"search_term_string"}}],"inLanguage":"es"}]}},"_links":{"self":[{"href":"https:\/\/www.oncedejunio.fin.ec\/oncedejunio\/wp-json\/wp\/v2\/pages\/3808"}],"collection":[{"href":"https:\/\/www.oncedejunio.fin.ec\/oncedejunio\/wp-json\/wp\/v2\/pages"}],"about":[{"href":"https:\/\/www.oncedejunio.fin.ec\/oncedejunio\/wp-json\/wp\/v2\/types\/page"}],"author":[{"embeddable":true,"href":"https:\/\/www.oncedejunio.fin.ec\/oncedejunio\/wp-json\/wp\/v2\/users\/1"}],"replies":[{"embeddable":true,"href":"https:\/\/www.oncedejunio.fin.ec\/oncedejunio\/wp-json\/wp\/v2\/comments?post=3808"}],"version-history":[{"count":0,"href":"https:\/\/www.oncedejunio.fin.ec\/oncedejunio\/wp-json\/wp\/v2\/pages\/3808\/revisions"}],"wp:attachment":[{"href":"https:\/\/www.oncedejunio.fin.ec\/oncedejunio\/wp-json\/wp\/v2\/media?parent=3808"}],"curies":[{"name":"wp","href":"https:\/\/api.w.org\/{rel}","templated":true}]}}