{"id":2385,"date":"2020-05-29T15:59:16","date_gmt":"2020-05-29T20:59:16","guid":{"rendered":"https:\/\/cooperativa.neurocortex.cc\/?page_id=2385"},"modified":"2026-04-01T11:38:20","modified_gmt":"2026-04-01T16:38:20","slug":"informacion-financiera","status":"publish","type":"page","link":"https:\/\/www.oncedejunio.fin.ec\/oncedejunio\/informacion-financiera\/","title":{"rendered":"Informaci\u00f3n Financiera"},"content":{"rendered":"<p>[vc_row][vc_column][vc_empty_space][vc_column_text]<\/p>\n<h3><span style=\"color: #005a28;\">Transparencia de la Informaci\u00f3n<\/span><\/h3>\n<h4><span style=\"color: #c39000;\">Informaci\u00f3n Financiera, Tasas y Costos, Seguro Financiero, Calificaci\u00f3n de Riesgo<\/span><\/h4>\n<p style=\"text-align: justify;\">Mostramos la informaci\u00f3n financiera de la Instituci\u00f3n, la misma que servir\u00e1 para que nuestros Socios, Clientes y P\u00fablico en General conozcan la solvencia y estabilidad que nos caracteriza, permiti\u00e9ndonos seguir creciendo d\u00eda tras d\u00eda.<\/p>\n<p>[\/vc_column_text][\/vc_column][\/vc_row][vc_row css=\u00bb.vc_custom_1589448415819{margin-top: -20px !important;}\u00bb][vc_column width=\u00bb1\/2&#8243;][vc_single_image image=\u00bb2387&#8243; img_size=\u00bbfull\u00bb alignment=\u00bbcenter\u00bb css_animation=\u00bbflipInX\u00bb][\/vc_column][vc_column width=\u00bb1\/2&#8243;][vc_tta_accordion][vc_tta_section i_icon_fontawesome=\u00bbfas fa-file-pdf\u00bb add_icon=\u00bbtrue\u00bb title=\u00bbINFORMACI\u00d3N FINANCIERA\u00bb tab_id=\u00bbinformacion-financiera\u00bb][vc_column_text]<a href=\"https:\/\/www.oncedejunio.fin.ec\/oncedejunio\/wp-content\/uploads\/2025\/11\/ESTADO_SITUACION_FINANCIERA.pdf\" target=\"_blank\" rel=\"noopener noreferrer\">Balance General<\/a><\/p>\n<p><a href=\"https:\/\/www.oncedejunio.fin.ec\/oncedejunio\/wp-content\/uploads\/2025\/11\/PATRIMONIO_TECNICO.pdf\" target=\"_blank\" rel=\"noopener noreferrer\">Patrimonio T\u00e9cnico<\/a><\/p>\n<p><a href=\"https:\/\/www.oncedejunio.fin.ec\/oncedejunio\/wp-content\/uploads\/2025\/11\/ESTADO_PERDIDAS_GANANCIAS.pdf\" target=\"_blank\" rel=\"noopener noreferrer\">Estado de p\u00e9rdidas y ganancias<\/a><\/p>\n<p><a href=\"https:\/\/www.oncedejunio.fin.ec\/oncedejunio\/wp-content\/uploads\/2025\/11\/INDICADORES_FINANCIEROS.pdf\" target=\"_blank\" rel=\"noopener noreferrer\">Indicadores Financieros<\/a>[\/vc_column_text][\/vc_tta_section][vc_tta_section i_icon_fontawesome=\u00bbfas fa-file-pdf\u00bb add_icon=\u00bbtrue\u00bb title=\u00bbTASAS Y COSTOS\u00bb tab_id=\u00bbtasas-costos\u00bb][vc_column_text]<a href=\"https:\/\/www.oncedejunio.fin.ec\/oncedejunio\/wp-content\/uploads\/2026\/04\/TARIFARIO_COSTO_DE_OPERACIONES.pdf\" target=\"_blank\" rel=\"noopener noreferrer\">Tasas y Costos<\/a>[\/vc_column_text][\/vc_tta_section][vc_tta_section i_icon_fontawesome=\u00bbfas fa-file-pdf\u00bb add_icon=\u00bbtrue\u00bb title=\u00bbSEGURO FINANCIERO\u00bb tab_id=\u00bbseguro-financiero\u00bb][vc_column_text]<strong>Garantiza los dep\u00f3sito de los clientes. Para las Cooperativas de Segmento 1, hasta $32.000.<\/strong>[\/vc_column_text][\/vc_tta_section][vc_tta_section i_icon_fontawesome=\u00bbfas fa-file-pdf\u00bb add_icon=\u00bbtrue\u00bb title=\u00bbCALIFICADORA DE RIESGO\u00bb tab_id=\u00bbcalificadora-riesgo\u00bb][vc_column_text]<a href=\"https:\/\/www.oncedejunio.fin.ec\/oncedejunio\/wp-content\/uploads\/2025\/10\/Coac-Once-de-Junio_Certificado.pdf\" target=\"_blank\" rel=\"noopener noreferrer\">Calificaci\u00f3n de Riesgo<\/a>[\/vc_column_text][\/vc_tta_section][\/vc_tta_accordion][\/vc_column][\/vc_row][vc_row][vc_column][vc_separator color=\u00bbgreen\u00bb border_width=\u00bb2&#8243; css_animation=\u00bbslideInLeft\u00bb][\/vc_column][\/vc_row]<\/p>\n","protected":false},"excerpt":{"rendered":"<p>[vc_row][vc_column][vc_empty_space][vc_column_text] Transparencia de la Informaci\u00f3n Informaci\u00f3n Financiera, Tasas y Costos, Seguro Financiero, Calificaci\u00f3n de Riesgo Mostramos la informaci\u00f3n financiera de la Instituci\u00f3n, la misma que servir\u00e1 para que nuestros Socios, Clientes y P\u00fablico en General conozcan la solvencia y estabilidad que nos caracteriza, permiti\u00e9ndonos seguir creciendo d\u00eda tras d\u00eda. [\/vc_column_text][\/vc_column][\/vc_row][vc_row css=\u00bb.vc_custom_1589448415819{margin-top: -20px !important;}\u00bb][vc_column width=\u00bb1\/2&#8243;][vc_single_image image=\u00bb2387&#8243; [&hellip;]<\/p>\n","protected":false},"author":1,"featured_media":0,"parent":0,"menu_order":0,"comment_status":"closed","ping_status":"closed","template":"","meta":{"content-type":"","_monsterinsights_skip_tracking":false,"_monsterinsights_sitenote_active":false,"_monsterinsights_sitenote_note":"","_monsterinsights_sitenote_category":0,"footnotes":""},"class_list":["post-2385","page","type-page","status-publish","hentry"],"yoast_head":"<!-- This site is optimized with the Yoast SEO plugin v24.5 - https:\/\/yoast.com\/wordpress\/plugins\/seo\/ -->\n<title>Informaci\u00f3n Financiera - Once de Junio Cooperativa<\/title>\n<meta name=\"robots\" content=\"index, follow, max-snippet:-1, max-image-preview:large, max-video-preview:-1\" \/>\n<link rel=\"canonical\" href=\"https:\/\/www.oncedejunio.fin.ec\/oncedejunio\/informacion-financiera\/\" \/>\n<meta property=\"og:locale\" content=\"es_ES\" \/>\n<meta property=\"og:type\" content=\"article\" \/>\n<meta property=\"og:title\" content=\"Informaci\u00f3n Financiera - Once de Junio Cooperativa\" \/>\n<meta property=\"og:description\" content=\"[vc_row][vc_column][vc_empty_space][vc_column_text] Transparencia de la Informaci\u00f3n Informaci\u00f3n Financiera, Tasas y Costos, Seguro Financiero, Calificaci\u00f3n de Riesgo Mostramos la informaci\u00f3n financiera de la Instituci\u00f3n, la misma que servir\u00e1 para que nuestros Socios, Clientes y P\u00fablico en General conozcan la solvencia y estabilidad que nos caracteriza, permiti\u00e9ndonos seguir creciendo d\u00eda tras d\u00eda. [\/vc_column_text][\/vc_column][\/vc_row][vc_row css=\u00bb.vc_custom_1589448415819{margin-top: -20px !important;}\u00bb][vc_column width=\u00bb1\/2&#8243;][vc_single_image image=\u00bb2387&#8243; [&hellip;]\" \/>\n<meta property=\"og:url\" content=\"https:\/\/www.oncedejunio.fin.ec\/oncedejunio\/informacion-financiera\/\" \/>\n<meta property=\"og:site_name\" content=\"Once de Junio Cooperativa\" \/>\n<meta property=\"article:modified_time\" content=\"2026-04-01T16:38:20+00:00\" \/>\n<meta name=\"twitter:card\" content=\"summary_large_image\" \/>\n<meta name=\"twitter:label1\" content=\"Tiempo de lectura\" \/>\n\t<meta name=\"twitter:data1\" content=\"1 minuto\" \/>\n<script type=\"application\/ld+json\" class=\"yoast-schema-graph\">{\"@context\":\"https:\/\/schema.org\",\"@graph\":[{\"@type\":\"WebPage\",\"@id\":\"https:\/\/www.oncedejunio.fin.ec\/oncedejunio\/informacion-financiera\/\",\"url\":\"https:\/\/www.oncedejunio.fin.ec\/oncedejunio\/informacion-financiera\/\",\"name\":\"Informaci\u00f3n Financiera - Once de Junio Cooperativa\",\"isPartOf\":{\"@id\":\"https:\/\/www.oncedejunio.fin.ec\/oncedejunio\/#website\"},\"datePublished\":\"2020-05-29T20:59:16+00:00\",\"dateModified\":\"2026-04-01T16:38:20+00:00\",\"breadcrumb\":{\"@id\":\"https:\/\/www.oncedejunio.fin.ec\/oncedejunio\/informacion-financiera\/#breadcrumb\"},\"inLanguage\":\"es\",\"potentialAction\":[{\"@type\":\"ReadAction\",\"target\":[\"https:\/\/www.oncedejunio.fin.ec\/oncedejunio\/informacion-financiera\/\"]}]},{\"@type\":\"BreadcrumbList\",\"@id\":\"https:\/\/www.oncedejunio.fin.ec\/oncedejunio\/informacion-financiera\/#breadcrumb\",\"itemListElement\":[{\"@type\":\"ListItem\",\"position\":1,\"name\":\"Home\",\"item\":\"https:\/\/www.oncedejunio.fin.ec\/oncedejunio\/\"},{\"@type\":\"ListItem\",\"position\":2,\"name\":\"Informaci\u00f3n Financiera\"}]},{\"@type\":\"WebSite\",\"@id\":\"https:\/\/www.oncedejunio.fin.ec\/oncedejunio\/#website\",\"url\":\"https:\/\/www.oncedejunio.fin.ec\/oncedejunio\/\",\"name\":\"Cooperativa de Ahorro y Cr\u00e9dito Once de Junio\",\"description\":\"Once de Junio Cooperativa\",\"potentialAction\":[{\"@type\":\"SearchAction\",\"target\":{\"@type\":\"EntryPoint\",\"urlTemplate\":\"https:\/\/www.oncedejunio.fin.ec\/oncedejunio\/?s={search_term_string}\"},\"query-input\":{\"@type\":\"PropertyValueSpecification\",\"valueRequired\":true,\"valueName\":\"search_term_string\"}}],\"inLanguage\":\"es\"}]}<\/script>\n<!-- \/ Yoast SEO plugin. -->","yoast_head_json":{"title":"Informaci\u00f3n Financiera - Once de Junio Cooperativa","robots":{"index":"index","follow":"follow","max-snippet":"max-snippet:-1","max-image-preview":"max-image-preview:large","max-video-preview":"max-video-preview:-1"},"canonical":"https:\/\/www.oncedejunio.fin.ec\/oncedejunio\/informacion-financiera\/","og_locale":"es_ES","og_type":"article","og_title":"Informaci\u00f3n Financiera - Once de Junio Cooperativa","og_description":"[vc_row][vc_column][vc_empty_space][vc_column_text] Transparencia de la Informaci\u00f3n Informaci\u00f3n Financiera, Tasas y Costos, Seguro Financiero, Calificaci\u00f3n de Riesgo Mostramos la informaci\u00f3n financiera de la Instituci\u00f3n, la misma que servir\u00e1 para que nuestros Socios, Clientes y P\u00fablico en General conozcan la solvencia y estabilidad que nos caracteriza, permiti\u00e9ndonos seguir creciendo d\u00eda tras d\u00eda. [\/vc_column_text][\/vc_column][\/vc_row][vc_row css=\u00bb.vc_custom_1589448415819{margin-top: -20px !important;}\u00bb][vc_column width=\u00bb1\/2&#8243;][vc_single_image image=\u00bb2387&#8243; [&hellip;]","og_url":"https:\/\/www.oncedejunio.fin.ec\/oncedejunio\/informacion-financiera\/","og_site_name":"Once de Junio Cooperativa","article_modified_time":"2026-04-01T16:38:20+00:00","twitter_card":"summary_large_image","twitter_misc":{"Tiempo de lectura":"1 minuto"},"schema":{"@context":"https:\/\/schema.org","@graph":[{"@type":"WebPage","@id":"https:\/\/www.oncedejunio.fin.ec\/oncedejunio\/informacion-financiera\/","url":"https:\/\/www.oncedejunio.fin.ec\/oncedejunio\/informacion-financiera\/","name":"Informaci\u00f3n Financiera - Once de Junio Cooperativa","isPartOf":{"@id":"https:\/\/www.oncedejunio.fin.ec\/oncedejunio\/#website"},"datePublished":"2020-05-29T20:59:16+00:00","dateModified":"2026-04-01T16:38:20+00:00","breadcrumb":{"@id":"https:\/\/www.oncedejunio.fin.ec\/oncedejunio\/informacion-financiera\/#breadcrumb"},"inLanguage":"es","potentialAction":[{"@type":"ReadAction","target":["https:\/\/www.oncedejunio.fin.ec\/oncedejunio\/informacion-financiera\/"]}]},{"@type":"BreadcrumbList","@id":"https:\/\/www.oncedejunio.fin.ec\/oncedejunio\/informacion-financiera\/#breadcrumb","itemListElement":[{"@type":"ListItem","position":1,"name":"Home","item":"https:\/\/www.oncedejunio.fin.ec\/oncedejunio\/"},{"@type":"ListItem","position":2,"name":"Informaci\u00f3n Financiera"}]},{"@type":"WebSite","@id":"https:\/\/www.oncedejunio.fin.ec\/oncedejunio\/#website","url":"https:\/\/www.oncedejunio.fin.ec\/oncedejunio\/","name":"Cooperativa de Ahorro y Cr\u00e9dito Once de Junio","description":"Once de Junio Cooperativa","potentialAction":[{"@type":"SearchAction","target":{"@type":"EntryPoint","urlTemplate":"https:\/\/www.oncedejunio.fin.ec\/oncedejunio\/?s={search_term_string}"},"query-input":{"@type":"PropertyValueSpecification","valueRequired":true,"valueName":"search_term_string"}}],"inLanguage":"es"}]}},"_links":{"self":[{"href":"https:\/\/www.oncedejunio.fin.ec\/oncedejunio\/wp-json\/wp\/v2\/pages\/2385"}],"collection":[{"href":"https:\/\/www.oncedejunio.fin.ec\/oncedejunio\/wp-json\/wp\/v2\/pages"}],"about":[{"href":"https:\/\/www.oncedejunio.fin.ec\/oncedejunio\/wp-json\/wp\/v2\/types\/page"}],"author":[{"embeddable":true,"href":"https:\/\/www.oncedejunio.fin.ec\/oncedejunio\/wp-json\/wp\/v2\/users\/1"}],"replies":[{"embeddable":true,"href":"https:\/\/www.oncedejunio.fin.ec\/oncedejunio\/wp-json\/wp\/v2\/comments?post=2385"}],"version-history":[{"count":29,"href":"https:\/\/www.oncedejunio.fin.ec\/oncedejunio\/wp-json\/wp\/v2\/pages\/2385\/revisions"}],"predecessor-version":[{"id":26429,"href":"https:\/\/www.oncedejunio.fin.ec\/oncedejunio\/wp-json\/wp\/v2\/pages\/2385\/revisions\/26429"}],"wp:attachment":[{"href":"https:\/\/www.oncedejunio.fin.ec\/oncedejunio\/wp-json\/wp\/v2\/media?parent=2385"}],"curies":[{"name":"wp","href":"https:\/\/api.w.org\/{rel}","templated":true}]}}